{"id":13227,"date":"2019-08-19T18:48:41","date_gmt":"2019-08-19T16:48:41","guid":{"rendered":"http:\/\/www.cerknisko-jezero.si\/o-drustvu\/tek-od-steberka-do-karlovce"},"modified":"2019-08-19T18:48:41","modified_gmt":"2019-08-19T16:48:41","slug":"tek-od-steberka-do-karlovce","status":"publish","type":"page","link":"https:\/\/www.cerknisko-jezero.si\/?page_id=13227","title":{"rendered":"Aktualno"},"content":{"rendered":"<div class=\"art-content-layout\">\n<div class=\"art-content-layout-row\">\n<div class=\"art-layout-cell\" style=\"width: 100%\">\n<p style=\"text-align: center;\"><img loading=\"lazy\" width=\"800\" height=\"296\" alt=\"\" class=\"art-lightbox\" src=\"http:\/\/www.cerknisko-jezero.si\/wp-content\/uploads\/2019\/08\/Banner_zahvala.jpg\"><\/p>\n<p style=\"text-align: center;\"><span style=\"color: rgb(41, 61, 26);\">\u0160e ve\u010d foto utrinkov najdete na na\u0161i&nbsp;<a href=\"https:\/\/www.facebook.com\/tdcerkniskojezero\">FB strani<\/a>.<\/span><\/p>\n<p style=\"text-align: center;\"><img loading=\"lazy\" width=\"300\" height=\"201\" alt=\"\" class=\"art-lightbox\" src=\"http:\/\/www.cerknisko-jezero.si\/wp-content\/uploads\/2019\/08\/11009195_1587832628154722_2221546524449160771_n.jpg\">&nbsp;<img loading=\"lazy\" width=\"300\" height=\"193\" alt=\"\" class=\"art-lightbox\" src=\"http:\/\/www.cerknisko-jezero.si\/wp-content\/uploads\/2019\/08\/11218478_1587832601488058_7909391492440801311_n.jpg\"><\/p>\n<p style=\"text-align: center;\"><img loading=\"lazy\" width=\"300\" height=\"198\" alt=\"\" class=\"art-lightbox\" src=\"http:\/\/www.cerknisko-jezero.si\/wp-content\/uploads\/2019\/08\/11139367_1587832614821390_7585201091680779546_n.jpg\">&nbsp;<img loading=\"lazy\" width=\"300\" height=\"198\" alt=\"\" class=\"art-lightbox\" src=\"http:\/\/www.cerknisko-jezero.si\/wp-content\/uploads\/2019\/08\/11350497_1587832508154734_3138674847596632743_n.jpg\"><\/p>\n<p style=\"text-align: center;\"><span style=\"color: rgb(41, 61, 26);\"><img loading=\"lazy\" width=\"300\" height=\"191\" alt=\"\" class=\"art-lightbox\" src=\"http:\/\/www.cerknisko-jezero.si\/wp-content\/uploads\/2019\/08\/11265312_1587832461488072_7169184087995832363_n.jpg\">&nbsp;<img loading=\"lazy\" width=\"300\" height=\"202\" alt=\"\" class=\"art-lightbox\" src=\"http:\/\/www.cerknisko-jezero.si\/wp-content\/uploads\/2019\/08\/11267045_1587832478154737_1019298230019320910_n.jpg\"><br \/><\/span><\/p>\n<p style=\"text-align: center;\"><span style=\"color: rgb(41, 61, 26);\"><img loading=\"lazy\" width=\"300\" height=\"194\" alt=\"\" class=\"art-lightbox\" src=\"http:\/\/www.cerknisko-jezero.si\/wp-content\/uploads\/2019\/08\/11013409_1587832648154720_5769644106908637235_n.jpg\">&nbsp;<img loading=\"lazy\" width=\"300\" height=\"194\" alt=\"\" class=\"art-lightbox\" src=\"http:\/\/www.cerknisko-jezero.si\/wp-content\/uploads\/2019\/08\/1508213_1587832764821375_9192742186984935685_n.jpg\"><br \/><\/span><\/p>\n<p style=\"text-align: center;\"><span style=\"color: rgb(41, 61, 26);\"><span style=\"font-size: 9px;\">foto: Zoran Vidrih<\/span><\/span><\/p>\n<p style=\"text-align: center;\"><span style=\"color: rgb(41, 61, 26); font-size: 9px;\"><\/span><\/p>\n<p style=\"text-align: left;\">Povezava do rezultatov: <a href=\"http:\/\/drustvo-sovica.si\/2015\/05\/25\/rezultati-1-ydria-motors-teka-od-steberka-do-karlovice\/\">TKD Sovica<\/a><\/p>\n<p style=\"text-align: left;\"><img loading=\"lazy\" width=\"600\" height=\"1860\" alt=\"\" class=\"art-lightbox\" src=\"http:\/\/www.cerknisko-jezero.si\/wp-content\/uploads\/2019\/08\/rezultati-absolutno-21km-1.jpg\"><\/p>\n<p style=\"text-align: left;\"><img loading=\"lazy\" width=\"600\" height=\"1985\" alt=\"\" class=\"art-lightbox\" src=\"http:\/\/www.cerknisko-jezero.si\/wp-content\/uploads\/2019\/08\/rezultati-po-kategorijah-21km-1.jpg\"><\/p>\n<p style=\"text-align: left;\"><img loading=\"lazy\" width=\"600\" height=\"685\" alt=\"\" class=\"art-lightbox\" src=\"http:\/\/www.cerknisko-jezero.si\/wp-content\/uploads\/2019\/08\/rezultati-absolutno-8km.jpg\"><span style=\"color: rgb(80, 119, 50); font-weight: bold;\"><span style=\"color: #63933E;\"><br \/><\/span><\/span><\/p>\n<p style=\"text-align: left;\"><span style=\"color: rgb(80, 119, 50); font-weight: bold;\"><span style=\"color: #63933E;\">Dol\u017eina proge:<\/span><\/span> 21 km\n<\/p>\n<p style=\"text-align: left;\"><span style=\"color: rgb(99, 147, 62); font-weight: bold;\">Trasa proge:<\/span> tek poteka po poteh, ki povezujejo ve\u010d lokalnih znamenitosti. Pri\u010detek teka je pri gradu \u0160teberk, proga nas nato vodi proti ju\u017enemu delu Cerkni\u0161kega jezera. Poteka skozi, oziroma mimo vasi Lipsenj, Gori\u010dice, Gorenje jezero, Laze in Otok. Ves \u010das poteka v neposredni bli\u017eini Cerkni\u0161kega jezera, nekajkrat ga celo pre\u010di. Tek se kon\u010da na drugi strani jezera pri gradu Karlovec. S trase teka se nam odpira lep pogled na Cerkni\u0161ko jezero. Tek poteka po obmo\u010dju Notranjskega regijskega parka in po obronkih Javornikov.<br \/>\n<\/p>\n<p style=\"text-align: left;\"><img loading=\"lazy\" width=\"600\" height=\"336\" alt=\"\" class=\"art-lightbox\" src=\"http:\/\/www.cerknisko-jezero.si\/wp-content\/uploads\/2019\/08\/Trasa.jpg\">&nbsp;<\/p>\n<p style=\"text-align: left;\"><span style=\"font-weight: bold; color: #63933E;\">Podlaga trase polmaratona:<\/span> <span style=\"color: #000000;\">asfalt, makedam in urejen kolovoz<\/span><span style=\"font-weight: bold; color: #63933E;\"><br \/>\n<\/span><\/p>\n<p><span style=\"font-weight: bold; color: #63933E;\">Vi\u0161inski profil proge:<\/span> <span style=\"color: #000000;\">proga je prete\u017eno ravninska, na nekaterih delih mestoma razgibana z nekaj vzponi in spusti<\/span><\/p>\n<p><img loading=\"lazy\" width=\"600\" height=\"174\" alt=\"\" class=\"art-lightbox\" src=\"http:\/\/www.cerknisko-jezero.si\/wp-content\/uploads\/2019\/08\/Visinski-profil.jpg\"><span style=\"color: #000000;\"><br \/><\/span><\/p>\n<p><img loading=\"lazy\" width=\"600\" height=\"178\" alt=\"\" class=\"art-lightbox\" src=\"http:\/\/www.cerknisko-jezero.si\/wp-content\/uploads\/2019\/08\/Visinski-profil-2.jpg\"><\/p>\n<p style=\"text-align: left;\"><span style=\"color: rgb(99, 147, 62); font-weight: bold;\">Tekmovalne kategorije:<\/span><\/p>\n<p style=\"text-align: left;\"><img loading=\"lazy\" width=\"600\" height=\"336\" alt=\"\" class=\"art-lightbox\" src=\"http:\/\/www.cerknisko-jezero.si\/wp-content\/uploads\/2019\/08\/Tabela.jpg\">&nbsp;<\/p>\n<p style=\"text-align: left;\"><span style=\"font-weight: bold; color: #63933E;\">Nagrade:<\/span> vsak tekmovalec prejme majico teka, toplo malico in pija\u010do. Najbolj\u0161i v vsaki kategoriji prejmejo medalje, absolutno najbolj\u0161i med mo\u0161kimi in \u017eenskami pa pokale ter nagrade.\n<\/p>\n<p style=\"text-align: left;\"><span style=\"color: rgb(99, 147, 62); font-weight: bold;\">\u0160tartnina prijave na tek:<\/span> \u0161tartnina zna\u0161a 15 \u20ac, prijave so na dan dogodka, od 8:00 do 9:45, v Pod\u0161teberku, kjer je \u0161tart teka.\n<\/p>\n<p style=\"text-align: left;\"><span style=\"color: rgb(99, 147, 62); font-weight: bold;\">Splo\u0161na pravila:<\/span> tekmovanje se lahko udele\u017eijo kondicijsko in zdravstveno pripravljene osebe, ki tekmujejo na lastno odgovornost. Odgovornost za teka\u010de mlaj\u0161e od osemnajstega leta prevzamejo star\u0161i. Najmlaj\u0161a dovoljena starost udele\u017eenca je dopolnjenih 15 let, letniki 1999 in dalje. Udele\u017eenci sogla\u0161ajo z javno razglasitvijo rezultatov in fotografij teka. \u010casovnih omejitev ni, \u0161tartna \u0161tevilka tekmovalca mora biti pripeta na vidnem mestu. Neuradni rezultati in podelitev medalj ter pokalov in nagrad bodo 1 uro po prihodu zadnjega tekmovalca v cilj. Razglasitev in podelitev medalj in pokalov bo v Dolenji vasi. Organizator si pridru\u017euje pravico do morebitnih sprememb.\n<\/p>\n<p style=\"text-align: left;\"><span style=\"color: rgb(99, 147, 62); font-weight: bold;\">Izvedba tekmovanja:<\/span> tek bo potekal v vsakem vremenu, zagotovljena bo zapora cest.&nbsp;<\/p>\n<p style=\"text-align: left;\"><span style=\"color: rgb(99, 147, 62); font-weight: bold;\">Parkiranje na tekmovanju in prevoz opreme:<\/span> zagotovljeno bo parkiranje v zaselku Pod\u0161teberk na \u0161tartu, kjer boste lahko oddali tudi opremo, ki bo prepeljana na cilj teka. Po koncu teka bodo zagotovljeni avtobusni prevozi iz Dolenje vasi nazaj na \u0161tart v Pod\u0161teberk.<\/p>\n<p style=\"text-align: left;\"><\/p>\n<\/div>\n<\/div>\n<\/div>\n","protected":false},"excerpt":{"rendered":"<p>\u0160e ve\u010d foto utrinkov najdete na na\u0161i&nbsp;FB strani. &nbsp; &nbsp; &nbsp; &nbsp; foto: Zoran Vidrih Povezava do rezultatov: TKD Sovica Dol\u017eina proge: 21 km Trasa proge: tek poteka po poteh, ki povezujejo ve\u010d lokalnih znamenitosti. Pri\u010detek teka je pri gradu \u0160teberk, proga nas nato vodi proti ju\u017enemu delu Cerkni\u0161kega jezera. Poteka skozi, oziroma mimo vasi [&hellip;]<\/p>\n","protected":false},"author":1,"featured_media":0,"parent":13220,"menu_order":17,"comment_status":"closed","ping_status":"closed","template":"","meta":[],"_links":{"self":[{"href":"https:\/\/www.cerknisko-jezero.si\/index.php?rest_route=\/wp\/v2\/pages\/13227"}],"collection":[{"href":"https:\/\/www.cerknisko-jezero.si\/index.php?rest_route=\/wp\/v2\/pages"}],"about":[{"href":"https:\/\/www.cerknisko-jezero.si\/index.php?rest_route=\/wp\/v2\/types\/page"}],"author":[{"embeddable":true,"href":"https:\/\/www.cerknisko-jezero.si\/index.php?rest_route=\/wp\/v2\/users\/1"}],"replies":[{"embeddable":true,"href":"https:\/\/www.cerknisko-jezero.si\/index.php?rest_route=%2Fwp%2Fv2%2Fcomments&post=13227"}],"version-history":[{"count":0,"href":"https:\/\/www.cerknisko-jezero.si\/index.php?rest_route=\/wp\/v2\/pages\/13227\/revisions"}],"up":[{"embeddable":true,"href":"https:\/\/www.cerknisko-jezero.si\/index.php?rest_route=\/wp\/v2\/pages\/13220"}],"wp:attachment":[{"href":"https:\/\/www.cerknisko-jezero.si\/index.php?rest_route=%2Fwp%2Fv2%2Fmedia&parent=13227"}],"curies":[{"name":"wp","href":"https:\/\/api.w.org\/{rel}","templated":true}]}}