{"id":13222,"date":"2019-08-19T18:48:36","date_gmt":"2019-08-19T16:48:36","guid":{"rendered":"http:\/\/www.cerknisko-jezero.si\/o-drustvu\/bozicno-novoletno-druzenje"},"modified":"2020-01-02T08:19:41","modified_gmt":"2020-01-02T07:19:41","slug":"bozicno-novoletno-druzenje","status":"publish","type":"page","link":"https:\/\/www.cerknisko-jezero.si\/?page_id=13222","title":{"rendered":"Bo\u017ei\u010dno-novoletno dru\u017eenje"},"content":{"rendered":"\n<p style=\"color:#68a442;font-size:26px;text-align:center\" class=\"has-text-color\"><strong>Dru\u017eenje ob kuhan\u010dku in \u010daju 2019<\/strong><\/p>\n\n\n\n<p style=\"color:#68a442;font-size:19px;text-align:center\" class=\"has-text-color\"><em>od 26. do 30. decembra 2019<\/em><\/p>\n\n\n\n<p style=\"text-align:center\">\n\u0160e malo se vra\u010damo v lansko leto &#8230; tako je bilo na predzadnjo no\u010d v \nletu 2019 ko smo se dru\u017eili ob kuhan\u010dku in \u010daju. Dogajanje so popestrili\n mladinski pevski zbor \u017eupnije Cerknica, skavti in dru\u0161tvo Klasje. Hvala\n vsem, ki ste nas obiskali, vam v novem letu pa vam \u017eelimo veliko \nzdravja in zadovoljstva.\n\n<\/p>\n\n\n\n<ul class=\"wp-block-gallery columns-3 is-cropped\"><li class=\"blocks-gallery-item\"><figure><img loading=\"lazy\" width=\"1024\" height=\"683\" src=\"http:\/\/www.cerknisko-jezero.si\/wp-content\/uploads\/2020\/01\/8102753-1024x683.jpg\" alt=\"\" data-id=\"13323\" data-link=\"http:\/\/www.cerknisko-jezero.si\/o-drustvu\/bozicno-novoletno-druzenje\/attachment\/8102753\" class=\"wp-image-13323\" srcset=\"https:\/\/www.cerknisko-jezero.si\/wp-content\/uploads\/2020\/01\/8102753-1024x683.jpg 1024w, https:\/\/www.cerknisko-jezero.si\/wp-content\/uploads\/2020\/01\/8102753-300x200.jpg 300w, https:\/\/www.cerknisko-jezero.si\/wp-content\/uploads\/2020\/01\/8102753-768x512.jpg 768w, https:\/\/www.cerknisko-jezero.si\/wp-content\/uploads\/2020\/01\/8102753.jpg 1181w\" sizes=\"(max-width: 1024px) 100vw, 1024px\" \/><\/figure><\/li><li class=\"blocks-gallery-item\"><figure><img loading=\"lazy\" width=\"1024\" height=\"683\" src=\"http:\/\/www.cerknisko-jezero.si\/wp-content\/uploads\/2020\/01\/8102756-1024x683.jpg\" alt=\"\" data-id=\"13324\" data-link=\"http:\/\/www.cerknisko-jezero.si\/o-drustvu\/bozicno-novoletno-druzenje\/attachment\/8102756\" class=\"wp-image-13324\" srcset=\"https:\/\/www.cerknisko-jezero.si\/wp-content\/uploads\/2020\/01\/8102756-1024x683.jpg 1024w, https:\/\/www.cerknisko-jezero.si\/wp-content\/uploads\/2020\/01\/8102756-300x200.jpg 300w, https:\/\/www.cerknisko-jezero.si\/wp-content\/uploads\/2020\/01\/8102756-768x512.jpg 768w, https:\/\/www.cerknisko-jezero.si\/wp-content\/uploads\/2020\/01\/8102756.jpg 1181w\" sizes=\"(max-width: 1024px) 100vw, 1024px\" \/><\/figure><\/li><li class=\"blocks-gallery-item\"><figure><img loading=\"lazy\" width=\"1024\" height=\"683\" src=\"http:\/\/www.cerknisko-jezero.si\/wp-content\/uploads\/2020\/01\/8102760-1024x683.jpg\" alt=\"\" data-id=\"13325\" data-link=\"http:\/\/www.cerknisko-jezero.si\/o-drustvu\/bozicno-novoletno-druzenje\/attachment\/8102760\" class=\"wp-image-13325\" srcset=\"https:\/\/www.cerknisko-jezero.si\/wp-content\/uploads\/2020\/01\/8102760-1024x683.jpg 1024w, https:\/\/www.cerknisko-jezero.si\/wp-content\/uploads\/2020\/01\/8102760-300x200.jpg 300w, https:\/\/www.cerknisko-jezero.si\/wp-content\/uploads\/2020\/01\/8102760-768x512.jpg 768w, https:\/\/www.cerknisko-jezero.si\/wp-content\/uploads\/2020\/01\/8102760.jpg 1181w\" sizes=\"(max-width: 1024px) 100vw, 1024px\" \/><\/figure><\/li><li class=\"blocks-gallery-item\"><figure><img loading=\"lazy\" width=\"1024\" height=\"683\" src=\"http:\/\/www.cerknisko-jezero.si\/wp-content\/uploads\/2020\/01\/8102770-1024x683.jpg\" alt=\"\" data-id=\"13326\" data-link=\"http:\/\/www.cerknisko-jezero.si\/o-drustvu\/bozicno-novoletno-druzenje\/attachment\/8102770\" class=\"wp-image-13326\" srcset=\"https:\/\/www.cerknisko-jezero.si\/wp-content\/uploads\/2020\/01\/8102770-1024x683.jpg 1024w, https:\/\/www.cerknisko-jezero.si\/wp-content\/uploads\/2020\/01\/8102770-300x200.jpg 300w, https:\/\/www.cerknisko-jezero.si\/wp-content\/uploads\/2020\/01\/8102770-768x512.jpg 768w, https:\/\/www.cerknisko-jezero.si\/wp-content\/uploads\/2020\/01\/8102770.jpg 1181w\" sizes=\"(max-width: 1024px) 100vw, 1024px\" \/><\/figure><\/li><li class=\"blocks-gallery-item\"><figure><img loading=\"lazy\" width=\"1024\" height=\"683\" src=\"http:\/\/www.cerknisko-jezero.si\/wp-content\/uploads\/2020\/01\/8102771-1024x683.jpg\" alt=\"\" data-id=\"13327\" data-link=\"http:\/\/www.cerknisko-jezero.si\/o-drustvu\/bozicno-novoletno-druzenje\/attachment\/8102771\" class=\"wp-image-13327\" srcset=\"https:\/\/www.cerknisko-jezero.si\/wp-content\/uploads\/2020\/01\/8102771-1024x683.jpg 1024w, https:\/\/www.cerknisko-jezero.si\/wp-content\/uploads\/2020\/01\/8102771-300x200.jpg 300w, https:\/\/www.cerknisko-jezero.si\/wp-content\/uploads\/2020\/01\/8102771-768x512.jpg 768w, https:\/\/www.cerknisko-jezero.si\/wp-content\/uploads\/2020\/01\/8102771.jpg 1181w\" sizes=\"(max-width: 1024px) 100vw, 1024px\" \/><\/figure><\/li><\/ul>\n\n\n\n<p style=\"font-size:12px;text-align:center\">Foto: Foto \u017dnidar\u0161i\u010d<\/p>\n\n\n<div class=\"art-content-layout\">\n<div class=\"art-content-layout-row responsive-layout-row-1\">\n<div class=\"art-layout-cell\" style=\"width: 100%;\">\n<p style=\"text-align: center;\"><span style=\"color: #000000;\">Foto utrinki &#8230;<\/span><\/p>\n<p style=\"text-align: center;\"><span style=\"color: #6ca244; font-size: 26px; font-weight: bold;\">Dru\u017eenje ob kuhan\u010dku in \u010daju 2018<\/span><\/p>\n<p style=\"text-align: center;\"><span style=\"color: #6ca244; font-style: italic;\"><span style=\"font-size: 20px;\">od 26. do 30. decembra 2018<\/span><\/span><\/p>\n<p style=\"text-align: center;\"><img loading=\"lazy\" class=\"art-lightbox\" style=\"border-style: solid;\" src=\"http:\/\/www.cerknisko-jezero.si\/wp-content\/uploads\/2019\/08\/DRU\u017dENJE-Z-\u017dUPANI-PRED-KULTURNIM-DOMOM-V-CERKNICI-07-FOTO-LJUBO-VUKELI\u010c.jpg\" alt=\"\" width=\"350\" height=\"249\">&nbsp;<img loading=\"lazy\" class=\"art-lightbox\" style=\"border-style: solid;\" src=\"http:\/\/www.cerknisko-jezero.si\/wp-content\/uploads\/2019\/08\/DRU\u017dENJE-Z-\u017dUPANI-PRED-KULTURNIM-DOMOM-V-CERKNICI-01-FOTO-LJUBO-VUKELI\u010c.jpg\" alt=\"\" width=\"350\" height=\"241\"><\/p>\n<p style=\"text-align: center;\"><img loading=\"lazy\" class=\"art-lightbox\" style=\"border-style: solid;\" src=\"http:\/\/www.cerknisko-jezero.si\/wp-content\/uploads\/2019\/08\/DRU\u017dENJE-Z-\u017dUPANI-PRED-KULTURNIM-DOMOM-V-CERKNICI-02-FOTO-LJUBO-VUKELI\u010c.jpg\" alt=\"\" width=\"350\" height=\"233\">&nbsp;<img loading=\"lazy\" class=\"art-lightbox\" style=\"border-style: solid;\" src=\"http:\/\/www.cerknisko-jezero.si\/wp-content\/uploads\/2019\/08\/DRU\u017dENJE-Z-\u017dUPANI-PRED-KULTURNIM-DOMOM-V-CERKNICI-05-FOTO-LJUBO-VUKELI\u010c.jpg\" alt=\"\" width=\"350\" height=\"233\"><br><span style=\"font-size: 8px;\">Foto: Ljubo Vukeli\u010d<\/span><\/p>\n<p style=\"text-align: center;\">Slivni\u0161ki pogledi, februar 2019, str. 15. Prispevek o Bo\u017ei\u010dno-novoletnem dru\u017eenju.<\/p>\n<p style=\"text-align: center;\"><img loading=\"lazy\" class=\"art-lightbox\" style=\"border-style: solid;\" src=\"http:\/\/www.cerknisko-jezero.si\/wp-content\/uploads\/2019\/08\/Slivni\u0161ki-pogledi_49-15-2.jpg\" alt=\"\" width=\"425\" height=\"592\"><span style=\"font-size: 8px;\"><br><\/span><\/p>\n<p style=\"text-align: center;\">\n<\/p><p style=\"text-align: center;\"><span style=\"color: #6ca244; font-size: 26px; font-weight: bold;\">Dru\u017eenje ob kuhan\u010dku in \u010daju 2018<\/span><\/p>\n<p style=\"text-align: center;\"><span style=\"color: #6ca244; font-style: italic;\"><span style=\"font-size: 20px;\">od 26. do 30. decembra 2018, od 17<span style=\"font-size: 12px; vertical-align: super;\">h<\/span> do 22<\/span><span style=\"vertical-align: super; font-size: 12px;\">h<\/span><\/span><\/p>\n<p style=\"text-align: center;\">Vabljeni na plo\u0161\u010dad pred kulturnim domom v Cerknici. V ve\u010dernih urah se bomo ob kuhan\u010dku in \u010daju podru\u017eili, kak\u0161no rekli, se posladkali z doma\u010dimi dobrotami in prisluhnili bo\u017ei\u010dnim pesmim. Lepo vabljeni!<\/p>\n<p style=\"text-align: center;\"><img loading=\"lazy\" class=\"art-lightbox\" style=\"border-style: solid;\" src=\"http:\/\/www.cerknisko-jezero.si\/wp-content\/uploads\/2019\/08\/TDCJ_oglas-za-Slivni\u0161ke-2.jpg\" alt=\"\" width=\"358\" height=\"506\"><span style=\"color: #6ca244; font-size: 26px; font-weight: bold;\"><br><\/span><\/p>\n<p style=\"text-align: center;\"><span style=\"color: #6ca244; font-size: 26px; font-weight: bold;\">Dru\u017eenje ob kuhan\u010dku in \u010daju 2017<\/span><\/p>\n<p style=\"text-align: center;\"><span style=\"color: #6ca244; font-style: italic; font-size: 20px;\">od 26. do 30. decembra 2017<\/span><\/p>\n<p style=\"text-align: center;\">Tako smo se dru\u017eili pred Kulturnim domom v Cerknici.<\/p>\n<p style=\"text-align: center;\">\n<\/p><p style=\"text-align: center;\">\n<\/p><p style=\"text-align: center;\"><img loading=\"lazy\" class=\"art-lightbox\" style=\"border-style: solid;\" src=\"http:\/\/www.cerknisko-jezero.si\/wp-content\/uploads\/2019\/08\/26172419_1998755190395795_1180067145772984697_o.jpg\" alt=\"\" width=\"380\" height=\"254\">&nbsp;<img loading=\"lazy\" class=\"art-lightbox\" style=\"border-style: solid;\" src=\"http:\/\/www.cerknisko-jezero.si\/wp-content\/uploads\/2019\/08\/26172453_1998755193729128_4203969756021571633_o.jpg\" alt=\"\" width=\"380\" height=\"253\"><\/p>\n<p style=\"text-align: center;\"><img loading=\"lazy\" class=\"art-lightbox\" style=\"border-style: solid;\" src=\"http:\/\/www.cerknisko-jezero.si\/wp-content\/uploads\/2019\/08\/26060258_1998755187062462_852539826240305792_o.jpg\" alt=\"\" width=\"380\" height=\"253\">&nbsp;<img loading=\"lazy\" class=\"art-lightbox\" style=\"border-style: solid;\" src=\"http:\/\/www.cerknisko-jezero.si\/wp-content\/uploads\/2019\/08\/26116045_1998755240395790_8428832148191659622_o.jpg\" alt=\"\" width=\"380\" height=\"253\"><\/p>\n<p style=\"text-align: center;\"><span style=\"font-size: 10px;\">Foto: <a href=\"https:\/\/www.k8dizajn.si\/fotografija.html\">Zoran Vidrih<\/a> in Ljubo Vukeli\u010d<\/span><\/p>\n<p style=\"text-align: center;\"><img loading=\"lazy\" class=\"art-lightbox\" style=\"border-style: solid;\" src=\"http:\/\/www.cerknisko-jezero.si\/wp-content\/uploads\/2019\/08\/26063468_1998194363785211_7690229216123737107_o.jpg\" alt=\"\" width=\"380\" height=\"255\"><img loading=\"lazy\" class=\"art-lightbox\" style=\"border-style: solid;\" src=\"http:\/\/www.cerknisko-jezero.si\/wp-content\/uploads\/2019\/08\/26171936_1998194270451887_3904470911743036433_o.jpg\" alt=\"\" width=\"380\" height=\"273\"><\/p>\n<p style=\"text-align: center;\"><span style=\"color: #6ca244; font-size: 26px; font-weight: bold;\">Dru\u017eenje ob kuhan\u010dku in \u010daju 2016<\/span><\/p>\n<p style=\"text-align: center;\"><span style=\"color: #6ca244; font-style: italic; font-size: 20px;\">od 26. do 30. decembra 2016<\/span><\/p>\n<p style=\"text-align: center;\">Tako smo se dru\u017eili pred Kulturnim domom v Cerknici.&nbsp;<span style=\"color: #6ca244; font-style: italic; font-size: 20px;\"><br><\/span><\/p>\n<p style=\"text-align: center;\">&nbsp;<img loading=\"lazy\" class=\"art-lightbox\" src=\"http:\/\/www.cerknisko-jezero.si\/wp-content\/uploads\/2019\/08\/BLAZ9824.jpg\" alt=\"\" width=\"350\" height=\"234\">&nbsp;<img loading=\"lazy\" class=\"art-lightbox\" src=\"http:\/\/www.cerknisko-jezero.si\/wp-content\/uploads\/2019\/08\/BLAZ9831.jpg\" alt=\"\" width=\"350\" height=\"234\">&nbsp;<img loading=\"lazy\" class=\"art-lightbox\" src=\"http:\/\/www.cerknisko-jezero.si\/wp-content\/uploads\/2019\/08\/BLAZ9836.jpg\" alt=\"\" width=\"350\" height=\"234\">&nbsp;<img loading=\"lazy\" class=\"art-lightbox\" src=\"http:\/\/www.cerknisko-jezero.si\/wp-content\/uploads\/2019\/08\/BLAZ9839.jpg\" alt=\"\" width=\"350\" height=\"234\">&nbsp;<img loading=\"lazy\" class=\"art-lightbox\" src=\"http:\/\/www.cerknisko-jezero.si\/wp-content\/uploads\/2019\/08\/BLAZ9842.jpg\" alt=\"\" width=\"350\" height=\"234\">&nbsp;<img loading=\"lazy\" class=\"art-lightbox\" src=\"http:\/\/www.cerknisko-jezero.si\/wp-content\/uploads\/2019\/08\/BLAZ9846.jpg\" alt=\"\" width=\"350\" height=\"234\">&nbsp;<img loading=\"lazy\" class=\"art-lightbox\" src=\"http:\/\/www.cerknisko-jezero.si\/wp-content\/uploads\/2019\/08\/BLAZ9851.jpg\" alt=\"\" width=\"350\" height=\"234\">&nbsp;<img loading=\"lazy\" class=\"art-lightbox\" src=\"http:\/\/www.cerknisko-jezero.si\/wp-content\/uploads\/2019\/08\/BLAZ9853.jpg\" alt=\"\" width=\"350\" height=\"234\"><\/p>\n<p style=\"text-align: center;\"><span style=\"color: #6ca244; font-size: 10px; font-style: italic;\">foto: Bla\u017e \u017dnidar\u0161i\u010d<\/span><\/p>\n<p style=\"text-align: center;\"><img loading=\"lazy\" class=\"art-lightbox\" src=\"http:\/\/www.cerknisko-jezero.si\/wp-content\/uploads\/2019\/08\/IMG_3885.jpg\" alt=\"\" width=\"350\" height=\"227\">&nbsp;<img loading=\"lazy\" class=\"art-lightbox\" src=\"http:\/\/www.cerknisko-jezero.si\/wp-content\/uploads\/2019\/08\/IMG_3887.jpg\" alt=\"\" width=\"350\" height=\"240\"><span style=\"color: #6ca244; font-size: 10px; font-style: italic;\"><br><\/span><\/p>\n<p style=\"text-align: center;\"><span style=\"color: #6ca244; font-size: 10px; font-style: italic;\">foto: arhiv dru\u0161tva<\/span><span style=\"color: #6ca244; font-size: 10px; font-style: italic;\"><br><\/span><\/p>\n<p style=\"text-align: center;\"><span style=\"color: #6ca244; font-size: 10px; font-style: italic;\">&nbsp;<\/span><\/p>\n<p style=\"text-align: center;\"><span style=\"color: #6ca244; font-size: 26px; font-weight: bold;\">Dru\u017eenje ob kuhan\u010dku in \u010daju 2015<\/span><\/p>\n<p style=\"text-align: center;\"><span style=\"color: #6ca244; font-style: italic; font-size: 20px;\">od 26. do 30. decembra 2015<\/span>&nbsp;<\/p>\n<p style=\"text-align: center;\"><a style=\"color: #96c473;\" href=\"https:\/\/www.facebook.com\/media\/set\/?set=a.1663897067214944.1073741843.1382939411977379&amp;type=3\">Foto utrinki dru\u017eenja<\/a>&nbsp; &nbsp; &nbsp;&nbsp;<a href=\"https:\/\/www.facebook.com\/media\/set\/?set=a.1661033030834681.1073741842.1382939411977379&amp;type=3\"><span style=\"color: #81b856;\">Kako smo krasili smrekco<\/span><\/a><\/p>\n<p style=\"text-align: center;\">TURISTI\u010cNO DRU\u0160TVO CERKNI\u0160KO JEZERO je med 26. in 30. decembrom, pred Kulturnim domom Cerknica poskrbelo za prazni\u010dno razpolo\u017eenje. Vsak dan med 17.00 in 21.00 uro smo se dru\u017eili ob kuhan\u010dku in \u010daju.&nbsp;Smrekco so nam pomagali okrasiti gojenci VDC<br>Cerknica.<\/p>\n<p style=\"text-align: center;\"><a href=\"https:\/\/www.facebook.com\/media\/set\/?set=a.1661033030834681.1073741842.1382939411977379&amp;type=3\"><img loading=\"lazy\" class=\"\" src=\"http:\/\/www.cerknisko-jezero.si\/wp-content\/uploads\/2019\/08\/DECEMBER2-015.jpg\" alt=\"\" width=\"350\" height=\"197\"><\/a>&nbsp;<a href=\"https:\/\/www.facebook.com\/media\/set\/?set=a.1663897067214944.1073741843.1382939411977379&amp;type=3\"><img loading=\"lazy\" class=\"\" src=\"http:\/\/www.cerknisko-jezero.si\/wp-content\/uploads\/2019\/08\/DSC_4399.jpg\" alt=\"\" width=\"350\" height=\"197\"><\/a><\/p>\n<p style=\"text-align: center;\"><img loading=\"lazy\" class=\"art-lightbox\" src=\"http:\/\/www.cerknisko-jezero.si\/wp-content\/uploads\/2019\/08\/KONCERT-EVA-HREN-JURIJ-SOU\u010cEK-Valter-Leban-6304.jpg\" alt=\"\" width=\"350\" height=\"233\">&nbsp;<img loading=\"lazy\" class=\"art-lightbox\" src=\"http:\/\/www.cerknisko-jezero.si\/wp-content\/uploads\/2019\/08\/KONCERT-EVA-HREN-JURIJ-SOU\u010cEK-Valter-Leban-6322.jpg\" alt=\"\" width=\"350\" height=\"233\"><\/p>\n<p style=\"text-align: center;\"><img loading=\"lazy\" class=\"art-lightbox\" src=\"http:\/\/www.cerknisko-jezero.si\/wp-content\/uploads\/2019\/08\/Druzenje.jpg\" alt=\"\" width=\"791\" height=\"398\"><\/p>\n<p style=\"text-align: center;\"><span style=\"color: #6ca244; font-size: 20px; font-style: italic;\">Hvala ker ste se dru\u017eili z nami.<\/span><\/p>\n<p style=\"text-align: center;\"><span style=\"color: #6ca244; font-size: 20px; font-style: italic;\">&nbsp;<\/span><\/p>\n<p style=\"text-align: center;\"><span style=\"color: #6ca244; font-size: 26px; font-weight: bold;\">Bo\u017ei\u010dno-novoletni sejem 2014<\/span><\/p>\n<p style=\"text-align: center;\"><span style=\"color: #6ca244; font-style: italic; font-size: 20px;\">6. december 2014<\/span>&nbsp;<\/p>\n<p style=\"text-align: center;\"><a style=\"text-decoration: underline; color: #96c473;\" href=\"https:\/\/www.facebook.com\/media\/set\/?set=a.1515988135339172.1073741834.1382939411977379&amp;type=3\">Foto utrinki &#8230; KLIK.<\/a><\/p>\n<p style=\"text-align: left;\">TURISTI\u010cNO DRU\u0160TVO CERKNI\u0160KO JEZERO je med 21. in 30. decembrom, na Taboru in pred<br>Kulturnim domom Cerknica poskrbelo za prazni\u010dno razpolo\u017eenje. Vsak dan<br>med 18.00 in 21.00 uro smo se dru\u017eili ob kuhanem vinu<br>ali \u010daju.<\/p>\n<p style=\"text-align: left;\"><img loading=\"lazy\" class=\"art-lightbox\" src=\"http:\/\/www.cerknisko-jezero.si\/wp-content\/uploads\/2019\/08\/Novoletni-sejem3-2.jpg\" alt=\"\" width=\"166\" height=\"156\">&nbsp;<img loading=\"lazy\" class=\"art-lightbox\" src=\"http:\/\/www.cerknisko-jezero.si\/wp-content\/uploads\/2019\/08\/Novoletni-sejem2-2.jpg\" alt=\"\" width=\"232\" height=\"156\">&nbsp;<img loading=\"lazy\" class=\"art-lightbox\" src=\"http:\/\/www.cerknisko-jezero.si\/wp-content\/uploads\/2019\/08\/Novoletni-sejem1-2.jpg\" alt=\"\" width=\"277\" height=\"156\"><\/p>\n<p style=\"text-align: left;\"><img loading=\"lazy\" class=\"art-lightbox\" src=\"http:\/\/www.cerknisko-jezero.si\/wp-content\/uploads\/2019\/08\/IMG_3095_mala.jpg\" alt=\"\" width=\"283\" height=\"213\">&nbsp;&nbsp;<img loading=\"lazy\" class=\"art-lightbox\" src=\"http:\/\/www.cerknisko-jezero.si\/wp-content\/uploads\/2019\/08\/IMG_3099_mala.jpg\" alt=\"\" width=\"283\" height=\"213\"><\/p>\n<p style=\"text-align: left;\"><span style=\"color: #293d1a; text-align: center;\">O na\u0161ih bo\u017ei\u010dno-novoletni aktivnostih pi\u0161ejo tudi v zadnji \u0161t. Slivni\u0161kih pogledov.<\/span><\/p>\n<p style=\"text-align: left;\"><img loading=\"lazy\" class=\"art-lightbox\" src=\"http:\/\/www.cerknisko-jezero.si\/wp-content\/uploads\/2019\/08\/Slivniski-pogledi-5-3.jpg\" alt=\"\" width=\"569\" height=\"737\"><span style=\"color: #293d1a; text-align: center;\"><br><\/span><\/p>\n<\/div>\n<\/div>\n<\/div>","protected":false},"excerpt":{"rendered":"<p>Dru\u017eenje ob kuhan\u010dku in \u010daju 2019 od 26. do 30. decembra 2019 \u0160e malo se vra\u010damo v lansko leto &#8230; tako je bilo na predzadnjo no\u010d v letu 2019 ko smo se dru\u017eili ob kuhan\u010dku in \u010daju. Dogajanje so popestrili mladinski pevski zbor \u017eupnije Cerknica, skavti in dru\u0161tvo Klasje. Hvala vsem, ki ste nas obiskali, [&hellip;]<\/p>\n","protected":false},"author":1,"featured_media":0,"parent":13220,"menu_order":12,"comment_status":"closed","ping_status":"closed","template":"","meta":[],"_links":{"self":[{"href":"https:\/\/www.cerknisko-jezero.si\/index.php?rest_route=\/wp\/v2\/pages\/13222"}],"collection":[{"href":"https:\/\/www.cerknisko-jezero.si\/index.php?rest_route=\/wp\/v2\/pages"}],"about":[{"href":"https:\/\/www.cerknisko-jezero.si\/index.php?rest_route=\/wp\/v2\/types\/page"}],"author":[{"embeddable":true,"href":"https:\/\/www.cerknisko-jezero.si\/index.php?rest_route=\/wp\/v2\/users\/1"}],"replies":[{"embeddable":true,"href":"https:\/\/www.cerknisko-jezero.si\/index.php?rest_route=%2Fwp%2Fv2%2Fcomments&post=13222"}],"version-history":[{"count":3,"href":"https:\/\/www.cerknisko-jezero.si\/index.php?rest_route=\/wp\/v2\/pages\/13222\/revisions"}],"predecessor-version":[{"id":13329,"href":"https:\/\/www.cerknisko-jezero.si\/index.php?rest_route=\/wp\/v2\/pages\/13222\/revisions\/13329"}],"up":[{"embeddable":true,"href":"https:\/\/www.cerknisko-jezero.si\/index.php?rest_route=\/wp\/v2\/pages\/13220"}],"wp:attachment":[{"href":"https:\/\/www.cerknisko-jezero.si\/index.php?rest_route=%2Fwp%2Fv2%2Fmedia&parent=13222"}],"curies":[{"name":"wp","href":"https:\/\/api.w.org\/{rel}","templated":true}]}}