{"id":13216,"date":"2019-08-19T18:48:30","date_gmt":"2019-08-19T16:48:30","guid":{"rendered":"http:\/\/www.cerknisko-jezero.si\/narava\/cerknisko-jezero"},"modified":"2019-08-19T18:48:30","modified_gmt":"2019-08-19T16:48:30","slug":"cerknisko-jezero","status":"publish","type":"page","link":"https:\/\/www.cerknisko-jezero.si\/?page_id=13216","title":{"rendered":"Cerkni\u0161ko jezero"},"content":{"rendered":"<div class=\"art-content-layout\">\n<div class=\"art-content-layout-row\">\n<div class=\"art-layout-cell layout-item-0\" style=\"width: 25%\" >\n<h4 style=\"color: rgb(41, 61, 26); text-align: center;\"><a href=\"\/narava\/cerknisko-jezero\" target=\"_top\" style=\"text-decoration: underline; color: rgb(150, 196, 115);\" rel=\"noopener noreferrer\"><img loading=\"lazy\" width=\"150\" height=\"150\" alt=\"\" src=\"http:\/\/www.cerknisko-jezero.si\/wp-content\/uploads\/2019\/08\/CerkniskoJezero1.png\" style=\"margin-top: 5px; margin-right: 5px; margin-bottom: 5px; margin-left: 5px;\" class=\"\"><\/a><\/h4>\n<h4 style=\"color: rgb(77, 115, 48); text-align: center;\"><span style=\"-webkit-border-horizontal-spacing: 10px;\"><span style=\"font-size: 24px; font-weight: bold; color: rgb(14, 77, 149);\">Cerkni\u0161ko&nbsp;<\/span><\/span><\/h4>\n<h4 style=\"color: rgb(77, 115, 48); text-align: center;\"><span style=\"-webkit-border-horizontal-spacing: 10px;\"><span style=\"font-size: 24px; font-weight: bold; color: rgb(14, 77, 149);\">jezero<\/span><\/span><\/h4>\n<h4 style=\"color: rgb(41, 61, 26); text-align: center;\"><\/h4>\n<h4 style=\"text-align: center;\"><span style=\"-webkit-border-horizontal-spacing: 10px;\"><\/span><\/h4>\n<h4 style=\"text-align: center;\"><span style=\"-webkit-border-horizontal-spacing: 10px;\"><span style=\"font-size: 24px; font-weight: bold; color: #0E4D95;\"><\/span><\/span><\/h4>\n<\/p><\/div>\n<div class=\"art-layout-cell layout-item-0\" style=\"width: 25%\" >\n<h4 style=\"color: rgb(41, 61, 26); text-align: center;\"><a href=\"\/narava\/rakov-skocjan\" target=\"_top\" rel=\"noopener noreferrer\"><img loading=\"lazy\" width=\"150\" height=\"150\" alt=\"\" src=\"http:\/\/www.cerknisko-jezero.si\/wp-content\/uploads\/2019\/08\/Skocjan.png\"><\/a><\/h4>\n<h4 style=\"text-align: center;\"><span style=\"color: rgb(108, 162, 68); font-size: 24px; font-weight: bold; -webkit-border-horizontal-spacing: 10px;\">Rakov<\/span><\/h4>\n<h4 style=\"text-align: center;\"><span style=\"color: rgb(108, 162, 68); font-size: 24px; font-weight: bold; -webkit-border-horizontal-spacing: 10px;\">\u0160kocjan<\/span><\/h4>\n<\/p><\/div>\n<div class=\"art-layout-cell layout-item-0\" style=\"width: 25%\" >\n<h4 style=\"color: rgb(41, 61, 26); text-align: center;\"><a href=\"\/narava\/krizna-jama\" style=\"text-decoration: underline; color: rgb(150, 196, 115);\" target=\"_top\" rel=\"noopener noreferrer\"><img loading=\"lazy\" width=\"150\" height=\"150\" alt=\"\" src=\"http:\/\/www.cerknisko-jezero.si\/wp-content\/uploads\/2019\/08\/KriznaJama.png\" style=\"margin-top: 5px; margin-right: 5px; margin-bottom: 5px; margin-left: 5px; \" class=\"\"><\/a><\/h4>\n<h4 style=\"text-align: center;\"><span style=\"color: rgb(108, 162, 68); font-size: 24px; font-weight: bold; -webkit-border-horizontal-spacing: 10px;\">Kri\u017ena&nbsp;<\/span><\/h4>\n<h4 style=\"text-align: center;\"><span style=\"color: rgb(108, 162, 68); font-size: 24px; font-weight: bold; -webkit-border-horizontal-spacing: 10px;\">jama<\/span><\/h4>\n<\/p><\/div>\n<div class=\"art-layout-cell layout-item-0\" style=\"width: 25%\" >\n<h4 style=\"color: rgb(41, 61, 26); text-align: center;\"><a href=\"\/narava\/slivnica\" style=\"text-decoration: underline; color: rgb(150, 196, 115);\" target=\"_top\" rel=\"noopener noreferrer\"><img loading=\"lazy\" width=\"150\" height=\"150\" alt=\"\" src=\"http:\/\/www.cerknisko-jezero.si\/wp-content\/uploads\/2019\/08\/Slivnica.png\" style=\"margin-top: 5px; margin-right: 5px; margin-bottom: 5px; margin-left: 5px; \" class=\"\"><\/a><\/h4>\n<h4 style=\"text-align: center;\"><span style=\"color: rgb(108, 162, 68); font-size: 24px; font-weight: bold; -webkit-border-horizontal-spacing: 10px;\">Slivnica&nbsp;<\/span><\/h4>\n<h4 style=\"text-align: center;\"><span style=\"color: rgb(108, 162, 68); font-size: 24px; font-weight: bold; -webkit-border-horizontal-spacing: 10px;\">1114 m<\/span><\/h4>\n<\/p><\/div>\n<\/p><\/div>\n<\/div>\n<div class=\"art-content-layout\">\n<div class=\"art-content-layout-row\">\n<div class=\"art-layout-cell layout-item-0\" style=\"width: 100%\" >\n<p style=\"text-align: center;\"><span style=\"font-weight: bold; color: rgb(14, 77, 149); font-size: 20px;\">Cerkni\u0161ko jezero<\/span><\/p>\n<p>Ob izhodu iz prostranih me\u0161anih gozdov Notranjske se obiskovalcu odpre veliko kra\u0161ko polje s presihajo\u010dim Cerkni\u0161kim jezerom. Kadar je jezero polno vode ga zlahka najdete saj meri do 29 km\u00b2 in je najve\u010dje v Sloveniji. Na svetu morda ni jezera, ki bi ponujalo toliko razli\u010dnih vtisov kakor ravno Cerkni\u0161ko jezero. Na njem lahko opazujete ptice, preizku\u0161ate svojo ribi\u0161ko sre\u010do, lovite ravnote\u017eje na zamrznjenih ledenih ploskvah, zau\u017eijete lepoto son\u010dnega vzhoda in \u0161e bi lahko na\u0161tevali.<\/p>\n<p><img loading=\"lazy\" width=\"362\" height=\"230\" alt=\"\" class=\"art-lightbox\" src=\"http:\/\/www.cerknisko-jezero.si\/wp-content\/uploads\/2019\/08\/10669156_10205275916485299_3425800912792931788_o_1.jpg\" style=\"margin-top: 0px; margin-right: 0px; margin-bottom: 0px; margin-left: 0px; float: left;\"><img loading=\"lazy\" width=\"364\" height=\"230\" alt=\"\" class=\"art-lightbox\" src=\"http:\/\/www.cerknisko-jezero.si\/wp-content\/uploads\/2019\/08\/10284713_10205338902899920_3194911007707359499_o_1.jpg\" style=\"margin-top: 0px; margin-right: 0px; margin-bottom: 0px; margin-left: 0px; \"><\/p>\n<p><span style=\"font-size: 10px; font-style: italic;\">&nbsp; foto:Zoran Vidrih<\/span><\/p>\n<p>Vendar pa se rado tudi zgodi, da stojite na jezeru in ga ne vidite. Takrat se razkrijejo s pisanim cvetjem posejani mokrotni travniki in osupljivi po\u017eiralniki s pomenljivimi imeni, kot so Vodonos, Re\u0161eto, Retje, Kotel, Mala in Velika Bobnarica, ter ponorni jami Velika in Mala Karlovica. Skozi slednji voda ponikne in ponovno prite\u010de na plan v kra\u0161ki dolini Rakov \u0160kocjan. Cerkni\u0161ko jezero je del pore\u010dja kra\u0161ke Ljubljanice.<\/p>\n<p><img loading=\"lazy\" width=\"367\" height=\"230\" alt=\"\" class=\"art-lightbox\" src=\"http:\/\/www.cerknisko-jezero.si\/wp-content\/uploads\/2019\/08\/1522580_10205338903059924_2547076817382390085_o_1.jpg\" style=\"margin-top: 0px; margin-right: 0px; margin-bottom: 0px; margin-left: 0px; float: left;\"><img loading=\"lazy\" width=\"377\" height=\"230\" alt=\"\" class=\"art-lightbox\" src=\"http:\/\/www.cerknisko-jezero.si\/wp-content\/uploads\/2019\/08\/10710470_10205275915925285_8857584417495105313_o_1.jpg\" style=\"margin-top: 0px; margin-right: 0px; margin-bottom: 0px; margin-left: 0px; \"><\/p>\n<p><span style=\"font-size: 10px; font-style: italic;\">&nbsp; foto:Zoran Vidrih<\/span><\/p>\n<p>Voda v Cerkni\u0161ko jezero priteka iz Lo\u0161ke doline, skozi podzemske jame Velike golobine, ki po skoraj dveh kilometrih podzemskega toka izvira na vzhodnem robu Cerkni\u0161kega jezera pri izvirih Obrh in Cemun. Na severnem delu Cerkni\u0161kega polja voda prite\u010de na dan v ve\u010d izvirih, najve\u010dja med njimi sta \u0160teber\u0161ki Obrh in \u017derovni\u0161\u010dica. V oba izvira priteka voda, ki ponikne na Blo\u0161ki planoti. Edini povr\u0161inski dotok Cerkni\u0161kega jezera je Cerkni\u0161\u010dica. Potok Cerkni\u0161\u010dica je ve\u010d kot 30 km dolg vodotok na severnem delu Notranjskega regijskega parka. Glavni vodotok Cerkni\u0161kega jezera dolg 17 km je Str\u017een, ki vijuga po jezerskem dnu. Cerkni\u0161ko jezero nima povr\u0161inskih odtokov, vsa voda iz jezera odteka skozi podzemske jame, med katerimi sta, s preko 8.500 m raziskanimi podzemskimi rovi, najve\u010dji Velika in Mala Karlovica.<\/p>\n<p><img loading=\"lazy\" width=\"346\" height=\"230\" alt=\"\" class=\"art-lightbox\" src=\"http:\/\/www.cerknisko-jezero.si\/wp-content\/uploads\/2019\/08\/10712368_10205338906660014_6522702660816135728_o_1.jpg\" style=\"margin-top: 0px; margin-right: 0px; margin-bottom: 0px; margin-left: 0px; float: left; \"><img loading=\"lazy\" width=\"352\" height=\"230\" alt=\"\" class=\"art-lightbox\" src=\"http:\/\/www.cerknisko-jezero.si\/wp-content\/uploads\/2019\/08\/131887_10205338905779992_6692468903643385760_o_1.jpg\" style=\"margin-top: 0px; margin-right: 0px; margin-bottom: 0px; margin-left: 0px; \"><\/p>\n<p><span style=\"font-size: 10px; font-style: italic;\">&nbsp; foto:Zoran Vidrih<\/span><\/p>\n<p><a href=\"https:\/\/www.k8dizajn.si\/cerknisko-jezero.html\"><span style=\"color: #1A4F7A;\">Fotografije Cerkni\u0161kega jezera.<\/span><\/a><span style=\"font-size: 12px;\"><\/span><\/p>\n<p><span style=\"color: rgb(14, 77, 149);\"><a href=\"https:\/\/www.youtube.com\/watch?v=pSf-y7rYHnM&amp;list=UUeAo-NjEtzOlqD_2XwfsGKw\" target=\"_self\" style=\"color: rgb(63, 93, 39);\" rel=\"noopener noreferrer\"><span style=\"color: rgb(14, 77, 149); \">Cerkni\u0161ko jezero 1<\/span><\/a><\/span><\/p>\n<p><a href=\"https:\/\/www.youtube.com\/watch?v=Irzl2rz7D-8&amp;list=UUeAo-NjEtzOlqD_2XwfsGKw\" style=\"color: rgb(63, 93, 39);\"><span style=\"color: rgb(14, 77, 149);\">Cerkni\u0161ko jezero 2<\/span><\/a><\/p>\n<p><a href=\"https:\/\/www.youtube.com\/watch?v=MuGMpc6s-rc&amp;list=UUeAo-NjEtzOlqD_2XwfsGKw\" style=\"color: rgb(63, 93, 39);\"><span style=\"color: rgb(14, 77, 149);\">Cerkni\u0161ko jezero 3<\/span><\/a><\/p>\n<p><span style=\"color: rgb(14, 77, 149);\"><a href=\"https:\/\/www.youtube.com\/watch?v=pSf-y7rYHnM&amp;list=UUeAo-NjEtzOlqD_2XwfsGKw\" target=\"_self\" rel=\"noopener noreferrer\"><\/a><\/span><\/p>\n<p><a href=\"https:\/\/www.youtube.com\/watch?v=Irzl2rz7D-8&amp;list=UUeAo-NjEtzOlqD_2XwfsGKw\"><\/a><\/p>\n<p><a href=\"https:\/\/www.youtube.com\/watch?v=MuGMpc6s-rc&amp;list=UUeAo-NjEtzOlqD_2XwfsGKw\"><span style=\"color: rgb(14, 77, 149);\"><\/span><\/a><\/p>\n<\/p><\/div>\n<\/p><\/div>\n<\/div>\n","protected":false},"excerpt":{"rendered":"<p>Cerkni\u0161ko&nbsp; jezero Rakov \u0160kocjan Kri\u017ena&nbsp; jama Slivnica&nbsp; 1114 m Cerkni\u0161ko jezero Ob izhodu iz prostranih me\u0161anih gozdov Notranjske se obiskovalcu odpre veliko kra\u0161ko polje s presihajo\u010dim Cerkni\u0161kim jezerom. Kadar je jezero polno vode ga zlahka najdete saj meri do 29 km\u00b2 in je najve\u010dje v Sloveniji. Na svetu morda ni jezera, ki bi ponujalo toliko [&hellip;]<\/p>\n","protected":false},"author":1,"featured_media":0,"parent":13215,"menu_order":6,"comment_status":"closed","ping_status":"closed","template":"","meta":[],"_links":{"self":[{"href":"https:\/\/www.cerknisko-jezero.si\/index.php?rest_route=\/wp\/v2\/pages\/13216"}],"collection":[{"href":"https:\/\/www.cerknisko-jezero.si\/index.php?rest_route=\/wp\/v2\/pages"}],"about":[{"href":"https:\/\/www.cerknisko-jezero.si\/index.php?rest_route=\/wp\/v2\/types\/page"}],"author":[{"embeddable":true,"href":"https:\/\/www.cerknisko-jezero.si\/index.php?rest_route=\/wp\/v2\/users\/1"}],"replies":[{"embeddable":true,"href":"https:\/\/www.cerknisko-jezero.si\/index.php?rest_route=%2Fwp%2Fv2%2Fcomments&post=13216"}],"version-history":[{"count":0,"href":"https:\/\/www.cerknisko-jezero.si\/index.php?rest_route=\/wp\/v2\/pages\/13216\/revisions"}],"up":[{"embeddable":true,"href":"https:\/\/www.cerknisko-jezero.si\/index.php?rest_route=\/wp\/v2\/pages\/13215"}],"wp:attachment":[{"href":"https:\/\/www.cerknisko-jezero.si\/index.php?rest_route=%2Fwp%2Fv2%2Fmedia&parent=13216"}],"curies":[{"name":"wp","href":"https:\/\/api.w.org\/{rel}","templated":true}]}}